{"id":84,"date":"2015-04-25T22:31:05","date_gmt":"2015-04-25T20:31:05","guid":{"rendered":"http:\/\/www.contraproducions.com\/?page_id=84"},"modified":"2020-08-03T10:44:21","modified_gmt":"2020-08-03T08:44:21","slug":"contacto","status":"publish","type":"page","link":"https:\/\/www.contraproducions.com\/gal\/contacto\/","title":{"rendered":"Contacto"},"content":{"rendered":"<h2>Datos de Contacto<\/h2>\n<ul class=\"info-contacto\">\n<li><i class=\"fa fa-phone\"><\/i> Bel\u00e9n Pichel &#8211;\u00a0605 263 755<\/li>\n<li><i class=\"fa fa-paper-plane\"><\/i> info@contraproducions.com<\/li>\n<li><i class=\"fa fa-map-marker\"><\/i> Lugar de Lara\u00f1o, 33 &#8211; San Xi\u00e1n de Sales | 15885 Vedra (A Coru\u00f1a)<\/li>\n<\/ul>\n","protected":false},"excerpt":{"rendered":"<p>Datos de Contacto Bel\u00e9n Pichel &#8211;\u00a0605 263 755 info@contraproducions.com Lugar de Lara\u00f1o, 33 &#8211; San Xi\u00e1n de Sales | 15885 Vedra (A Coru\u00f1a)<\/p>\n","protected":false},"author":1,"featured_media":0,"parent":0,"menu_order":0,"comment_status":"open","ping_status":"open","template":"template-contacto.php","meta":{"footnotes":""},"class_list":["post-84","page","type-page","status-publish","hentry"],"_links":{"self":[{"href":"https:\/\/www.contraproducions.com\/gal\/wp-json\/wp\/v2\/pages\/84","targetHints":{"allow":["GET"]}}],"collection":[{"href":"https:\/\/www.contraproducions.com\/gal\/wp-json\/wp\/v2\/pages"}],"about":[{"href":"https:\/\/www.contraproducions.com\/gal\/wp-json\/wp\/v2\/types\/page"}],"author":[{"embeddable":true,"href":"https:\/\/www.contraproducions.com\/gal\/wp-json\/wp\/v2\/users\/1"}],"replies":[{"embeddable":true,"href":"https:\/\/www.contraproducions.com\/gal\/wp-json\/wp\/v2\/comments?post=84"}],"version-history":[{"count":9,"href":"https:\/\/www.contraproducions.com\/gal\/wp-json\/wp\/v2\/pages\/84\/revisions"}],"predecessor-version":[{"id":1244,"href":"https:\/\/www.contraproducions.com\/gal\/wp-json\/wp\/v2\/pages\/84\/revisions\/1244"}],"wp:attachment":[{"href":"https:\/\/www.contraproducions.com\/gal\/wp-json\/wp\/v2\/media?parent=84"}],"curies":[{"name":"wp","href":"https:\/\/api.w.org\/{rel}","templated":true}]}}